 What is g(7)?
-21
Suppose 307 + 245 = 6*r. Suppose k - r = -4*z + 3*k, 3*k - 30 = -2*z. Let x(j) = -z*j - 53 + 53 + 25*j. Calculate x(2).
8
Let c(x) = -2*x - 1. Let n(q) = 2*q. Let w(p) = -4*c(p) - 3*n(p). Let a(b) = -1. Let v(s) = -6*a(s) - w(s). Suppose 0 = -9*j - 1834 + 1879. What is v(j)?
-8
Let y = -7 - -2. Let f(t) = 6 - 1 + 98006*t + 98013*t - 196022*t. Calculate f(y).
20
Let l(q) be the second derivative of -3/2*q**2 + 31*q + 2/3*q**3 + 1/12*q**4 + 0. Determine l(-4).
-3
Let s(f) = 1. Let p(u) = -u**2 + 5*u + 1. Let d(w) = -p(w) - 5*s(w). Suppose 0 = -18*v + 15*v + 993. Let b = v + -326. What is d(b)?
-6
Let q = -4053 + 4059. Let g(j) = -j**3 + 7*j**2 - 11*j + 36. What is g(q)?
6
Let y(z) = 5*z**3 - 20*z**2 - z - 4. Let h(m) = -14*m**3 + 59*m**2 + 12. Let x(g) = -6*h(g) - 17*y(g). What is x(-15)?
-34
Let a(k) = -11*k - 77. Let n be a(-11). Suppose 7*f + 370 = n*f. Let l(y) = -y**3 + 10*y**2 + 4*y - 34. What is l(f)?
6
Let z = -50673 + 50668. Let u(h) be the first derivative of h**3/3 + 3*h**2/2 - 2*h - 1. Calculate u(z).
8
Suppose -1108 = -33*l - 580. Let w(i) = -5*i + 72. Determine w(l).
-8
Suppose 5*a = 15, -2*a + 5*a + 27 = u. Let z(s) = -3*s**2 - u - 39 - 3*s + 6*s + 76. Give z(-2).
-17
Let d(k) = 3*k - 3. Let t be d(2). Let n(h) = 94045 + 5*h - 188092 - h**3 + 94044. Give n(t).
-15
Let z be (-318)/(-27) + (-4)/(-90)*5. Let o(w) = -3*w + z - 19 + 13. Determine o(3).
-3
Let o(l) = -14*l + 2. Let n(p) = 10*p - 1. Suppose 3*k = 2*d - 0*k - 5, 4*d - 2*k + 2 = 0. Let u(s) = d*o(s) - 3*n(s). What is u(-8)?
15
Suppose 2260 = 4*o - 7*v + 6*v, v = -o + 570. Let y(b) = o*b - 5 - 275*b - 284*b - b**2. Determine y(6).
1
Let p(v) = -87*v - 139. Let j(u) = -330*u - 552. Let m(s) = -4*j(s) + 15*p(s). Calculate m(-7).
18
Let g be -2*3*((-27)/18 - -2). Let p(b) be the second derivative of 4*b**3/3 + 3*b**2/2 - 22*b. Calculate p(g).
-21
Let l(p) = -5*p + 5. Let y(k) = 4*k - 4. Let g(u) = -3*l(u) - 4*y(u). Let q(z) = 4*z - 11. Let x(j) = 4*j - 9. Let i be x(3). Let m be q(i). Determine g(m).
0
Let b = -109 + -17. Let z be 8/(-9) - (-14)/b. Let u(f) = 4*f - 1. Give u(z).
-5
Let i(c) be the third derivative of c**6/120 - c**5/15 - c**4/6 + c**3 + c**2 + 1174*c - 3. Suppose 4*p + 10 = 6*p. Give i(p).
11
Suppose -3*o + 24 = -2*d + 25, 2*d + 29 = -3*o. Let y(c) = c**3 + 16*c**2 + 57*c - 40. Calculate y(d).
2
Let w(p) = -p**3 - p**2 - 3*p - 10. Let m = -2407 - -2407. Give w(m).
-10
Let w = 315 + -760. Let u = -447 - w. Let p(x) = -2*x + 4. Let k(c) = -5*c + 11. Let l(n) = 3*k(n) - 8*p(n). Calculate l(u).
-1
Let m(j) = j**3 - 6*j**2 - 2*j**3 - 4*j + 71 + j - 77. Let d = 3 - 9. Calculate m(d).
12
Let a = 8627 + -8653. Let l(y) = -y**2 - 17*y + 238. What is l(a)?
4
Let h(d) be the second derivative of -d**5/20 - 5*d**4/12 + 4*d**3/3 + 7*d**2/2 - d. Let m = 855 - 805. Let c be 12/10*(-250)/m. What is h(c)?
-5
Let t(s) = 35*s**3 + s**2 - 7*s - 8. Let g be t(-1). Let r(z) = z**3 + 33*z**2 - 65*z + 180. Calculate r(g).
5
Let z(q) = q**2 + q. Let s = -176 + 187. Suppose 75 = -s*u + 42. Determine z(u).
6
Let c be ((1 - 1) + -2)*(-105)/42. Let i(u) = u**2 + 7*u - 27. Calculate i(c).
33
Let k be 22*((-3)/(-2) + -1). Let x(g) = 23*g - 16 + 54*g + 3 - 76*g + 1. Determine x(k).
-1
Let u(j) = -j**2 + 26*j + 2. Let y(a) = -a**2 + 24*a + 3. Let o = 173 - 176. Let n(k) = o*y(k) + 2*u(k). What is n(20)?
-5
Let z(k) = -k**3 + 4*k**2 - 21*k + 54. Suppose -3*q = -12, 10*q - 16 = -4*i + 9*q. Calculate z(i).
0
Let d be 3 - (-1 + 1 + 4 + -2). Let a(f) = 17*f + 5*f + 5*f - 17*f + 1. What is a(d)?
11
Let j(q) be the third derivative of 3*q**4/8 + 5*q**3 - 2502*q**2. Calculate j(-11).
-69
Let i(d) = -3*d - 25. Let y be i(6). Let j = -41 - y. Let h(x) = x - 4. Let f(z) = z - 1. Let b(n) = j*f(n) - h(n). Calculate b(8).
10
Suppose -3*i + 3 + 3 = 0. Let j(l) = 6*l**3 + 5*l**2 - 4*l - 2. Let w be j(i). Let t(a) = a + 3*a**2 - 2 - 57*a**3 - 8*a**2 + w*a**3. Calculate t(4).
-14
Let y(u) = -u**2 + 3*u + 5. Suppose 0 = 5*p - 3 - 7. Suppose c + 11 = -4*h, -3 = -p*c + 4*h + 23. What is y(c)?
-5
Suppose 228*i + 76 = 791 + 1565. Let b(s) = 2*s - 28. Determine b(i).
-8
Let f(j) = 1057 - 525 - j - 509. What is f(-6)?
29
Let w = -78 - -74. Let u(m) = -7*m**2 + 5*m + 8. Let j(o) = 9*o**2 - 5*o - 9. Let t(n) = w*u(n) - 3*j(n). Determine t(5).
-5
Let l(j) be the third derivative of -j**5/60 + j**4/24 - 16*j**3/3 + 2*j**2 + 1122. Let g(z) = -z**3 + z**2. Let v be g(1). Calculate l(v).
-32
Suppose -2*r - 102 + 260 = 0. Let k = r + -78. Suppose -1 = 4*i + p, -3*p = -3*i - 11 - k. Let b(t) = 5*t**3 - t**2. Give b(i).
-6
Suppose 5*z = -25, -2*z + 0 + 2 = 3*f. Suppose 534 = 2*q - 3*c + 518, 0 = 4*c + 16. Suppose p = -q + f. Let v(k) = -2*k + 3. Give v(p).
-1
Let w = -93 + 113. Let o be w*6/24 + -1. Let i(r) = -r**3 + 5*r**2 - 3*r - 6. Determine i(o).
-2
Let y(w) = 4*w - 1. Suppose -4*g - 2 = -10. Let n(t) = 30*t - 4*t**g - 7 + 10*t**2 - 27*t + t**3. Let o be n(-5). Determine y(o).
11
Let n be -3 - (4 + (-15)/1). Let t(i) = 6*i + 64. Let b(w) = -w - 13. Let s(m) = -11*b(m) - 2*t(m). Give s(n).
7
Let s(t) = 3*t + 42. Let x be s(-13). Let j(i) be the second derivative of -5*i**3/6 - i**2 - 6*i. Give j(x).
-17
Let j(z) = -549*z**2 + 550*z**2 + 18*z + 84 - 19. What is j(-5)?
0
Suppose -32*b + 10*b = 176. Let w(v) = -10*v**2 - 83*v - 27. Determine w(b).
-3
Let h = -5641 + 5640. Let s(v) = -82*v + 2. What is s(h)?
84
Let s(a) = -5*a - 6716*a**2 + 13428*a**2 - 6713*a**2 + 27. Determine s(-8).
3
Suppose -15*h + 508 = -11*h. Suppose 6*n + h = 91. Let v(c) = c - 4. Calculate v(n).
-10
Let m be 31*14/1736*28. Let b(i) = -i**2 + 16*i + 4. Let g(y) = y**2 - 17*y - 3. Let t(j) = -7*b(j) - 6*g(j). Determine t(m).
-31
Let i(w) be the second derivative of -w**5/20 - 4*w**4/3 + 10*w**3/3 + 28*w**2 - 30*w - 11. Determine i(-17).
5
Let j(s) = 6*s - 9. Suppose -2 = m - 4. Let l be j(m). Let h(a) = 11*a**2 - 7*a - a**3 + 2 - 6 - 6 - l*a**2. Give h(7).
-10
Let c(g) = 8*g + 3. Let x(h) = h. Let n(p) = -2*c(p) + 14*x(p). Let w(v) = -753*v + 4513. Let o be w(6). Calculate n(o).
4
Let f(k) = -k - 2. Suppose 188 = 25*l - 9*l - 4. Suppose -3*q - 150 = 2*q. Let y be 2/5 + (1584/q)/l. Determine f(y).
2
Let x = -125 + 125. Let a(l) be the second derivative of -4*l + 1/20*l**5 + 0 + 0*l**3 + 1/12*l**4 - 1/2*l**2. What is a(x)?
-1
Let v(h) be the second derivative of h**5/20 - h**4/6 - 7*h**3/6 + 7*h**2/2 + 5*h. Let d be (-1 - 0 - 8)/((-543)/181). Give v(d).
-5
Suppose -22 = -5*d + p, -2*p + 4 = 5*d - 3*d. Let v(g) be the second derivative of -20*g + 7/2*g**2 - 3/2*g**3 - 1/12*g**d + 0. Calculate v(-9).
7
Suppose 0 = c - 7*m + 6*m - 10, 27 = 3*c - 2*m. Let r(t) be the first derivative of -t**2/2 - 4*t + 17. Determine r(c).
-11
Let z(v) = -6*v**2 - 7*v**2 - 1 + 4 + 2*v + 12*v**2. Let a be 2/18*-6*36/8. What is z(a)?
-12
Let v(k) = -k**2 - 33*k - 209. Let q = 17127 - 17152. Calculate v(q).
-9
Let o(d) = 4*d**2 - 2*d**3 - 2*d**2 + 3*d - 3*d**2 - 1. Suppose -5*t + 8*t = 5*p + 11, -p = 1. Suppose 8 = -f + 3*j + 1, 19 = t*f + 5*j. Calculate o(f).
-15
Suppose -2*k = 4*l, -5*k + 6 = -0*k + 4*l. Suppose 0 = k*j + 27 - 35. Let w(g) be the first derivative of -g**4/4 + 4*g**3/3 + 3*g**2/2 + 3*g + 1. What is w(j)?
15
Let r = -447 - -453. Suppose -27*c - 21 = -r*c. Let k(m) = 5*m**3 - m**2. Determine k(c).
-6
Let m(y) = -y. Let w(d) = 1. Suppose 0 = -5*x - 16 - 39. Let i(a) = -a**2 - 13*a - 20. Let q be i(x). Let n(r) = q*w(r) - m(r). Determine n(2).
4
Let z(k) = -3*k + 3. Suppose 5*t = 3*x + 426, -3*t + 118 = x - 132. Suppose 0*f = -28*f + t. Calculate z(f).
-6
Let h(j) = j**2 + 10 - 6*j**2 - 4208*j + 4201*j. Calculate h(3).
-56
Let y(a) = -134*a - 9. Let l(g) = 156*g + 10. Let d(w) = 6*l(w) + 7*y(w). Let k(p) = p**3 - 4. Let v be k(0). Determine d(v).
5
Let v(h) = 7*h + 61. Let a = 1196 + -1215. Calculate v(a).
-72
Let n(z) = -6*z - 12. Let r(q) = -q - 1. Let w = -110 - -113. Let h(y) = w*r(y) - n(y). Give h(-6).
-9
Let b(w) = w**2 - 5*w + 1. Let z(y) = y**2 - 4*y - 38. Let f be z(9). Suppose h = f*h - 96. Suppose 3*s - 7*s = -h. What is b(s)?
-3
Let t(b) = 2 - 13*b - 4*b - 120*b**3 + 15*b**2 - 25*b**3 + 144*b**3. What is t(14)?
-40
Let j(b) = -1622 - 20*b + 827 + 8*b + 824. Give j(3).
-7
Let t(s) = 55*s**3 + 3*s**2 - 5*s + 3. Let n = -12813 + 12